5*j - 3*a = -0*a - 7222, -2*a + 5776 = 4*j. What is the thousands digit of j?
1
Suppose -2*b + 3*q = -751, 12*b = 9*b + 4*q + 1127. What is the units digit of b?
7
Let k = -21 - -24. Let d be ((-13)/(-2))/((-2)/(-8)). Suppose k*q - 22 = d. What is the units digit of q?
6
Suppose 0*g + 6*g = 30. Suppose -173 = -g*d - r + 305, 3*r + 6 = 0. What is the tens digit of d?
9
What is the hundreds digit of 425 + ((3 - -22)/5)/1?
4
Let z(r) = -3*r**3 - r**2 - 17*r - 1. What is the units digit of z(-5)?
4
Let a = -495 + 501. Suppose 255 = 5*k + 2*p, -k - 4*p + 28 = p. Suppose k - 311 = -a*b. What is the units digit of b?
3
Let j be (-2)/1*(-94)/(-4). Suppose -3*p - f = -4*f + 84, p - 4*f + 43 = 0. Let i = p - j. What is the tens digit of i?
2
Let s = -55 + 57. Suppose -14 = -4*n + 3*n - y, -s*n = -3*y - 18. What is the units digit of n?
2
Let v(q) = -2*q - 7. Suppose -2*x - 2*k = 8, -2*k + 10 = -2*x + 2. What is the units digit of v(x)?
1
Let t be (-8)/(-4) - (-2)/1. Suppose 451 = t*v + v + 4*y, 5*v - y = 456. What is the tens digit of v?
9
Suppose 5*s = -4*k + 20, -2*s = 4*k + k + 9. Let u be ((-30)/(-20))/(-1*(-3)/(-6)). Let p = s - u. What is the tens digit of p?
1
Suppose 0 = -j - d + 22, -5*j - 2*d = -7*d - 110. Suppose -j*t + 348 = -19*t. What is the tens digit of t?
1
Suppose 3 = -0*c - 3*c + 3*a, 4*c - 5*a = -8. Suppose c*g - 5 = 10. What is the units digit of g?
5
Suppose 3*i = 3*w - 69, 3*w - 36 - 25 = i. Let x = 21 - w. Let a = 22 + x. What is the tens digit of a?
2
Suppose 63*r - 630 = 58*r. Let j = r - 57. What is the tens digit of j?
6
Suppose 5*g = -5*d, -g + 10 = -3*g. Suppose 2*u + d = 31. Let p = 74 - u. What is the units digit of p?
1
Suppose -3*u = 5*p - 2*p - 225, 0 = 2*p + u - 151. Let t be p/19 + 14*1. Let h = t + 39. What is the units digit of h?
7
Let x(t) = -t**3 - 7*t**2 + t - 4. Let f be x(-5). Let c = -25 - f. What is the units digit of c + -1 - (-4)/4?
4
Let h be 4 - 2/(-2)*(-4 + 6). Suppose -8*u + h*u + 208 = 0. What is the tens digit of u?
0
Let k = -207 - -319. What is the hundreds digit of k?
1
Let j(n) = 688*n**2 + 3*n - 2. What is the units digit of j(1)?
9
Suppose 5*d - 4*b - 28 = 0, 4*d - 18 = -0*d + b. Suppose -s - 3*f = -14, -f + 6 = d*s - 28. Suppose 11*j - 3 = s*j. What is the units digit of j?
1
Let i(s) be the first derivative of -s**2/2 + s - 3. Let m be i(-4). Suppose 7 = 4*y - m. What is the units digit of y?
3
Let o(a) = -a**3 + 7*a**2 + 3*a - 2. Let i = 12 + -15. Let m(g) = -g**3 + 8*g**2 + 2*g - 3. Let t(l) = i*m(l) + 2*o(l). What is the units digit of t(10)?
5
Let v be ((-6)/(-2))/(9/(-30)). Let f be (-2)/v - (-72)/15. Suppose b - f = -0*b. What is the units digit of b?
5
What is the tens digit of 8/(-72) + 80342/153?
2
Suppose -2*g + 0*g + 10 = 0. Suppose -2*c = 3*o - 453 - 185, -2*c = -g*o + 1074. What is the hundreds digit of o?
2
What is the hundreds digit of 64/(1 + -4 - 728/(-240))?
9
Suppose 0 = -8*j + 3*j + 3*d + 45, 15 = 5*j + 3*d. Let z(w) = 4*w + 11. Let a(k) = 4*k + 11. Let y(b) = 7*a(b) - 6*z(b). What is the tens digit of y(j)?
3
Let u be (-6897)/(-39) + (-2)/(-13). Let b = u - 86. What is the tens digit of b?
9
Let r(d) = -8*d**3 - 13*d**2 + 79*d + 12. What is the hundreds digit of r(-9)?
0
Suppose 2 = -2*i + 3*i - 4*j, 2*i = 2*j + 4. Suppose 345 = 5*l - i*c, 0*c - 3*c = -5*l + 340. What is the units digit of l?
1
Let d = -12 + 15. Suppose d*w + 33 = q + 556, 5*w - 3*q - 877 = 0. What is the units digit of w?
3
Let k be 112*2/(-2 - -6). Suppose -3*t = t - k. What is the units digit of t?
4
Suppose -d - 2*j = -54, -d + 69 = 3*j + 2*j. Let h = d + 72. Suppose 3*k + h = 7*k. What is the units digit of k?
9
Suppose 5*z + 18 + 7 = 0, 0 = 5*q - z - 20. Suppose -q*k = -f - 601, -3*k - 3*f + 701 = 92. Suppose -3*i + k - 48 = 0. What is the units digit of i?
1
Let l = 285 + -141. Suppose -7*j + 4*j = -l. Suppose -2*w = 3*s - 14 - j, 0 = s - 4. What is the tens digit of w?
2
Let g(s) be the second derivative of 5*s**4/6 - s**3/3 + s**2/2 + s. Let k be g(-2). Suppose -3*r = -k + 3. What is the units digit of r?
4
Let y = 2885 - 2005. What is the tens digit of y?
8
Let p = 532 + -57. What is the tens digit of p?
7
Let t(b) = 2*b + 23. Let c = -32 + 45. What is the tens digit of t(c)?
4
Let z = 1077 - 743. What is the hundreds digit of z?
3
Let r(m) = -m**3 + 7*m**2 + m - 6. Let z be r(7). Suppose z + 2 = t. What is the units digit of t?
3
Let p = 69 - -338. What is the tens digit of p?
0
Let i be -1 + 0 - (1 - 11). Let u(c) = 2*c**3 + 6*c**2 - 9*c - 2. Let f be u(-4). Suppose 0 = -f*b + 23 + i. What is the units digit of b?
6
Suppose -4144 = -4*o - 3*z, 0*o + z - 5191 = -5*o. What is the units digit of o?
9
Suppose 0*s - 2*s = 7*s. Suppose 2*q - 260 + 64 = s. What is the tens digit of q?
9
What is the hundreds digit of (-10365)/(-21) - ((-160)/28)/(-10)?
4
Let c(y) = -2*y. Let g be ((-32)/40)/(4/(-30)). Suppose n - g = 4*n. What is the units digit of c(n)?
4
Let v(i) = 3*i**3 + 14*i**2 + 22*i + 2. Let q(y) = y**3 - y**2 + y. Let c(m) = 2*q(m) - v(m). What is the units digit of c(-15)?
3
Let i(c) = 24*c**2 - c + 10. What is the tens digit of i(6)?
6
Let l = -234 - -862. What is the tens digit of l?
2
Let v = 4 + -16. Let a = -17 - 32. Let r = v - a. What is the units digit of r?
7
Let h = 2693 - -1691. What is the thousands digit of h?
4
Let u be -5 - 2121 - (-1 - 1). Let q be u/(-45) + (-2)/10. Suppose -2*x + 15 = -q. What is the units digit of x?
1
Suppose -3*k - 225 + 966 = 0. What is the hundreds digit of k?
2
Let d = -333 + 1055. What is the hundreds digit of d?
7
Suppose 0 = -46*c + 44*c + 26. What is the tens digit of c?
1
Let i(x) = 18*x**2 + 11*x + 5. Let k be i(-4). Let b = k - 112. What is the hundreds digit of b?
1
Let b(a) = -15*a**2 + 6*a - 17. Let r(n) = 7*n**2 - 3*n + 9. Let u(p) = 6*b(p) + 13*r(p). What is the tens digit of u(9)?
6
Suppose -4*a + 1124 = -3868. What is the thousands digit of a?
1
Let g(m) = 3*m**2 + 20*m - 312. What is the units digit of g(18)?
0
Let c be (0/(-3))/3*-1. Suppose c = -5*y + 10*y - 40. What is the units digit of y?
8
Suppose -6*b + 2083 = -8081. What is the units digit of b?
4
Let i(f) = -2*f - 48. Let z be i(-23). What is the tens digit of (z*32/(-5))/(1/5)?
6
Let p be (-2030)/15 + 6 + 1/3. Let f(j) = -87*j**3 + 2*j**2 - 1. Let a be f(1). Let o = a - p. What is the units digit of o?
3
Suppose -24*m - 38798 = -128294. What is the tens digit of m?
2
Suppose -4*s - 74 + 114 = 0. What is the units digit of s?
0
Let j = 3456 + -2424. What is the thousands digit of j?
1
Let r = 32 - 26. Suppose -r = 6*j - 30. What is the units digit of j?
4
Let b be -3*1 - (-18)/(-9). What is the tens digit of (-4)/10 + (-227)/b?
4
Suppose 0 = i - 2*i + 6. Suppose 5*z - 3*k = 97, -3*z = -i*z - k + 47. What is the units digit of z?
7
Suppose 4*p = 10*p. Suppose -2*y = -2*u - 50, 2*y + p*u = 3*u + 45. What is the tens digit of y?
3
Suppose 0 = -5*q - 4*s + 696, 500 = 5*q + 5*s - 200. Let p = 245 - q. What is the tens digit of p?
0
Let b(k) = 154*k**2 + 7*k + 1. What is the units digit of b(-2)?
3
Suppose 8*o - 16*o = 2*z - 1068, 2*o = 2*z + 262. What is the tens digit of o?
3
Let c(h) = h**3 - 4*h**2 + 11*h + 12. What is the hundreds digit of c(7)?
2
Let w(p) = -3*p**3 + p**2 - 12*p - 14. Let m(k) = -5*k**3 + k**2 - 24*k - 27. Let c(b) = 4*m(b) - 7*w(b). What is the units digit of c(6)?
6
Suppose -3*c = 3*j - c - 151, -2*j = 4*c - 114. Suppose 3*w - 22 = -n, 3*n - 84 = 4*w + j. What is the tens digit of n?
3
Suppose 4*o + 337 = -87. Let h = 317 + o. What is the hundreds digit of h?
2
What is the units digit of 14/(-35)*7/((-7)/1170)?
8
Suppose 0 = -52*w + 34*w + 3474. What is the units digit of w?
3
Let w(r) = -r**3 + 4*r**2 + 5*r + 12. Let n be w(5). Let z = n - -5. What is the units digit of z?
7
Let y(u) = -4*u - 13. Let g(m) = 5*m + 12. Let f(j) = 4*g(j) + 3*y(j). What is the tens digit of f(8)?
7
Let k = 691 + -301. What is the units digit of k?
0
Let l(b) be the second derivative of b**4/24 + 17*b**3/6 + 3*b**2/2 - 4*b. Let y(x) be the first derivative of l(x). What is the units digit of y(-13)?
4
Let p = 133 - 45. Suppose n - 175 = -5*q, q - 4*n = 4*q - p. What is the tens digit of q?
3
Let a = -1764 - -363. What is the units digit of a/(-15) + 14/(-35)?
3
Suppose 0 = 